).
3
Let d(i) = i**2 + 2*i + 4. Let j be d(-2). Let s(b) = -4 + 2*b + 3*b**2 - b**3 + b - b. Calculate s(j).
-12
Let w(o) = -o**3 + o + 3. Suppose 2*c = -3*c. Give w(c).
3
Suppose t - 1 = -4*d, -3 - 9 = 3*t - 3*d. Let u(n) = -n**2 + 4. Give u(t).
-5
Let a(j) = -5*j**2 + j - 3. Suppose -l + 6*l + 45 = 0. Let z(w) = -11*w**2 + w - 6. Let i(t) = l*a(t) + 4*z(t). Let g(h) = -h + 1. Let s be g(-4). Give i(s).
3
Suppose -1 - 1 = s. Let m(p) = -5*p + 5 - 1 - 6. Calculate m(s).
8
Let n(p) = p**2 - 67*p + 0 + 67*p - 1. Calculate n(-1).
0
Let b(o) = -o**2 - o + 1. Let g = 6 + -4. Let q be g/(-3) - (-16)/6. Suppose 2*c - q*u + 0*u = 0, -4*u = c. Give b(c).
1
Let x be (11/(-2))/(4/(-8)). Let j be (-2)/x + 204/33. Suppose o - j*a + 7 = -3*a, a = 2*o - 6. Let s(c) = -c**3 + 6*c**2 - 7*c + 4. Give s(o).
-6
Let w(p) = 2 - 1 - p - 3. Let o = -7 - -6. Give w(o).
-1
Let t = 160 - 160. Let n(r) = r**3 - 13. Determine n(t).
-13
Let v(n) = -n**2 - n + 1. Let g(d) = 5*d**2 + d - 1. Let s(c) = -g(c) - 6*v(c). What is s(-6)?
1
Let k(a) be the third derivative of -5/6*a**3 + 0*a + 1/6*a**4 - a**2 + 1/120*a**6 + 0 + 1/10*a**5. Let v = -2 + -3. Calculate k(v).
0
Let y be (-1 - 0)/(4/12). Let q(h) = -2*h**3 - 4*h**2 - 2*h - 21. Let n = 15 + -9. Let v(s) = -s**3 - 2*s**2 - s - 10. Let d(z) = n*q(z) - 13*v(z). Give d(y).
-8
Let t(c) = c**2 + c. Let x(s) = -s**3 - 3*s**2 - s - 1. Let k(r) = -2*t(r) - x(r). Suppose -4*q + 47 = 59. What is k(q)?
-14
Let q(j) = j**3 - 3*j**2 + 2. Let k be q(2). Let i = k - -4. Let a be 0/(-2) + 2/i. Let p(x) = x - 1. Give p(a).
0
Suppose w + 0*p - 2*p = 13, -5*w = -p - 20. Let l = -1 + 1. Suppose -w*s = -3 - l. Let g(z) = z**2 - z. Calculate g(s).
0
Let m(z) be the first derivative of z**2/2 + 11*z - 16. What is m(0)?
11
Let f(m) = 2*m**3 + 3*m**2 - 2. Suppose -3*x + 3*c = -6, 4 = 2*x + 11*c - 12*c. Give f(x).
26
Suppose -5*t + 8 = 3*y, -y + 3*t - 2 + 14 = 0. Suppose -p = p + y. Let o(n) = n**3 + 2*n**2 - n. Determine o(p).
-6
Let i(g) = -32 + g**2 + 13 + 3*g + 15. Determine i(-3).
-4
Let p(o) = o**2 - 4*o + 4. Let j be p(3). Suppose g + c + 0 = j, -5*g + 4*c = -14. Let a(r) = 6*r**g - 4*r + 4*r + r. Calculate a(-1).
5
Suppose -12 = -4*o - 2*v, -5*o + 6*v = v. Let k(i) be the first derivative of i + 2/3*i**3 - i**2 - o. Give k(2).
5
Let b(y) = 525*y**3 + 1 - 524*y**3 + 0*y + 5*y**2 - 3*y. Calculate b(-5).
16
Let c = 27 + -2. Let r be (-4)/20 - 70/c. Let d(q) be the third derivative of -q**6/120 - q**5/30 + q**4/8 - q**3/3 - q**2. Give d(r).
-2
Suppose -4*f + 35 = -0*s + 5*s, f + 4*s = 17. Let w be -1 - -1*4*2. Let j(n) = -5 - 5*n**3 - 2*n**2 + n + 4*n**3 + w*n**2. What is j(f)?
0
Let h(u) = -u + 1. Let m = 0 + -1. Let b(l) = 4*l - 10. Let g(s) = m*b(s) - 3*h(s). Calculate g(6).
1
Let m(z) = 6*z + 1 + 3*z**2 + 4 - z**2. Suppose 4 = -2*x - 4. Calculate m(x).
13
Let v(c) = -4*c**3 + 2*c**2 + 3*c + 3. Let x(q) = 11*q**3 - 5*q**2 - 8*q - 8. Let s(j) = 8*v(j) + 3*x(j). Let z(d) = -d - 3. Let m be z(-4). What is s(m)?
2
Let k(m) be the second derivative of 11*m**3/6 + m**2/2 + 8*m. Suppose 0*d + 14 = -2*d + 4*b, -7 = -5*d - 4*b. Give k(d).
-10
Let k(l) = l**3 - 7*l**2 + 4*l + 8. Let v be ((-12)/(-10))/(2/10). Let u be k(v). Let o(a) = -a**3 - 3*a**2 + 4*a. What is o(u)?
0
Let w(u) be the first derivative of -u**3/3 - 7*u**2/2 + 2*u - 2. Let c be w(-7). Let o(q) = -4*q**3 - 2*q**2 + 2*q**2 + 2*q**c - 1. Calculate o(-1).
5
Let l(m) be the second derivative of m**3/6 - m**2 + 5*m - 3. What is l(0)?
-2
Let t be (-2)/(2/(-3)) - -1. Let s = t - 9. Let w(y) = 5*y**2 + 3*y + 2. Let f(b) = -11*b**2 - 5*b - 3. Let p(u) = 4*f(u) + 9*w(u). Calculate p(s).
-4
Suppose 0*m + 36 = 4*m. Suppose p + m = -0*p + s, 5*p - 2*s + 33 = 0. Let b(u) = -u - 3. Determine b(p).
2
Let t(w) = 0*w + w**2 - 2*w + 2*w + 4*w. Calculate t(-4).
0
Let x = 12 + -5. Suppose 0 = 3*j + 4*d - 3*d - x, 4*j - 3*d - 5 = 0. Let v(f) = -1 + 5*f - 3*f**2 + j*f**2 + 5. What is v(5)?
4
Let y(n) = -n**3 - 9*n**2 + n + 6. Let s be y(-9). Let h(w) = w + 4. Give h(s).
1
Suppose 0 = 7*d - 21 - 7. Let p(m) = m**2 - 4*m - 4. Calculate p(d).
-4
Let r(u) = -u - 4. Let k(q) be the third derivative of q**6/120 - q**5/15 - 2*q**3/3 + 4*q**2. Let f be k(4). Determine r(f).
0
Let d be 2/4 + 18/(-4). Let f be 2/(-3*d/18). Let i(w) be the third derivative of w**5/60 - w**4/8 - w**3/2 + w**2. Give i(f).
-3
Let k(t) = 4*t - t + 27 - 14 - 4*t. Give k(0).
13
Let d(p) be the second derivative of -p**5/20 - p**4/3 + 7*p**3/6 + 7*p**2/2 + 11*p. Suppose -4*w - 11 = -3*g - 3, -2*w + 2 = -3*g. What is d(w)?
-3
Let c = 22 + -16. Let a(o) = o**3 - 5*o**2 - 8*o + 6. Let g be a(c). Let u(p) = -p**2 - 6*p + 4. What is u(g)?
4
Let o(i) = i**3 + 2*i**2 - 1. Let c be -1 + (0 - 1 - -4). Suppose 3*s = -8 + c. Let v = -3 - s. What is o(v)?
0
Suppose -4*f = 3 - 31. Let l(y) = y + 5 - 1 + f. Let s = -13 - -8. Give l(s).
6
Suppose 3*c + 0*c = -4*r - 2, -4 = 2*r. Let v be ((-4)/(-10))/(c/10). Let a(j) = -v + 4*j + 3 - j**2 + 0*j. Give a(5).
-4
Suppose -w + 4*o = 12, 4*w - 20 = 2*w - 3*o. Let z(i) be the third derivative of -i**4/12 + i**3/6 + i**2. What is z(w)?
-7
Let k(p) = -10*p**3 - p**2 - p - 1. Let r be (-3 + 2)*3*-1. Suppose -3*h = -3*b + 15, r*b - 11 = -5*h - b. Give k(h).
9
Suppose j = 5*j - 140. Let b = j + -20. Let i = -11 + b. Let p(l) = -l**2 + 2*l + 3. What is p(i)?
-5
Let z = -8 + 24. Suppose -5*v = 1 - z. Let w(m) = -2*m + 1. Calculate w(v).
-5
Let d(r) = r**3 + r + 6. Suppose 3*g = -2*g + 4*g. Give d(g).
6
Let g(u) = -2*u - 2. Suppose -3*v - 43 = -0*h - 5*h, -4*h - 14 = 2*v. Let m = 7 + v. What is g(m)?
6
Let o(s) = s**2 + 4*s. Suppose 3*i = 0, -3*q + 0*q + 6 = -2*i. Suppose -q = -c - 3*n, n = -c - 3 + 1. Give o(c).
0
Let f(q) = q. Let n(y) = 5*y + 7. Let m(x) = x**3 - 12*x**2 + 12*x - 14. Let v be m(11). Let g(d) = v*f(d) + n(d). Give g(-5).
-3
Let v(f) = f - 2. Let h = 0 - -10. Let g(x) = -2*x + 3. Let b(c) = h*v(c) + 6*g(c). Suppose -5*i - 2*a - a = 28, 3*i + 4*a = -19. Give b(i).
8
Let i(p) = -3*p + 2. Let d be i(-3). Suppose d = -4*k + 59. Let v(u) = k + 3*u - 2*u - 3. Give v(-4).
5
Suppose 0 = -5*m + m + 20. Let c(s) = -2*s + 4. Let r(l) = -2*l + 5. Let t(k) = -2*c(k) + 3*r(k). Calculate t(m).
-3
Let m(y) be the third derivative of -y**5/20 + y**4/8 - y**3/2 - 2*y**2. Give m(2).
-9
Let k(j) = -5*j**2 - 4*j + 5. Let v(s) = 18*s - s**2 + 8*s**2 - 7*s + 7*s**2 - 14. Let a(r) = -17*k(r) - 6*v(r). What is a(-2)?
-1
Let a(n) = n**2 - 6*n + 4. Let f be a(4). Let y = 3 - 4. Let j = y + f. Let h(g) = g**2 + 4*g - 4. Calculate h(j).
1
Let c = 49 + -54. Let j(u) be the second derivative of u**5/20 + u**4/3 - 2*u**3/3 + u**2 + u. Let z be j(c). Let v(b) = -b**3 - 3*b**2 + 3. Give v(z).
3
Let b(m) = 4*m. Let r(p) = -2*p**2 + 13*p + 13. Let s be r(7). Determine b(s).
24
Let a(j) be the third derivative of j**6/120 - j**4/24 + 5*j**3/6 + 2*j**2. Let t = 3 + 4. Suppose -t*i + 2*i = 0. Determine a(i).
5
Suppose 0 = 5*i - 5*c - 2 - 8, -3*i + 14 = -c. Let o(x) = x - 22*x**2 - i*x + 21*x**2 + 2. Calculate o(-6).
-4
Let k(r) = r**2 - 8*r - 9. Let a be k(9). Let p(d) be the second derivative of 5/2*d**2 + 0 + 2*d - 1/6*d**3 - 1/12*d**4. Give p(a).
5
Let y be 2*1/2*-1. Let z(i) = -i**3 + 6*i**2 + 5*i + 5. Let h(o) = -2*o**3 + 13*o**2 + 11*o + 11. Let f(j) = 6*h(j) - 13*z(j). What is f(y)?
-1
Let k(i) be the first derivative of 0*i - 2*i + 0*i**2 + i + 3*i**2 + 3. What is k(-1)?
-7
Let k(g) = -5*g + 16. Let z(b) = 4 + 0*b - 3 - b. Let q(i) = -i. Let t(s) = 3*q(s) - 4*z(s). Let x(l) = 2*k(l) + 9*t(l). Give x(-3).
-1
Suppose -42*s = -43*s. Let g(n) be the second derivative of 1/6*n**4 + s - 2/3*n**3 + n + n**2. Determine g(2).
2
Let s = 116 - 120. Let l(w) = -w - 5. What is l(s)?
-1
Suppose 5*y - 2*y - 6 = 0. Suppose -y - 1 = h. Let f(a) = 6*a**2 + 5*a + 9. Let m(k) = -5*k**2 - 4*k - 8. Let w(j) = 6*f(j) + 7*m(j). Give w(h).
1
Let w = 0 - -1. Let b(q) = -2*q. Let v be b(w). Let l(k) = -1 - k - 11*k**2 - k**3 + 5*k**2 + 5*k**2. What is l(v)?
5
Let b be (20/6)/((-4)/(-24)). Suppose -b = -4*w - w. Let t(k) = -k. Give t(w).
-4
Let g(q) be the first derivative of -q**2/2 + 13*q - 21. What is g(6)?
7
Suppose 14*l - 13*l - 1 = 0. Let h(i) = 12*i**2 + i - 1. Give h(l).
12
Let a(r) = -r**2 + 5*r - 2. Suppose 2*o = -5*s - 13, -o = -0*o + s + 5. Let 